[INFO] cloning repository https://github.com/RicheyRyan/snake
[INFO] running `Command { std: "git" "-c" "credential.helper=" "-c" "credential.helper=/workspace/cargo-home/bin/git-credential-null" "clone" "--bare" "https://github.com/RicheyRyan/snake" "/workspace/cache/git-repos/https%3A%2F%2Fgithub.com%2FRicheyRyan%2Fsnake", kill_on_drop: false }`
[INFO] [stderr] Cloning into bare repository '/workspace/cache/git-repos/https%3A%2F%2Fgithub.com%2FRicheyRyan%2Fsnake'...
[INFO] running `Command { std: "git" "rev-parse" "HEAD", kill_on_drop: false }`
[INFO] [stdout] 3ec9a5f2afe5d55ad62ec3cbf458191f3a3832ab
[INFO] checking RicheyRyan/snake against master#cfbc6d4cf1acbac5c025acf8ed68929caa551df3 for pr-75494-beta
[INFO] running `Command { std: "git" "clone" "/workspace/cache/git-repos/https%3A%2F%2Fgithub.com%2FRicheyRyan%2Fsnake" "/workspace/builds/worker-7/source", kill_on_drop: false }`
[INFO] [stderr] Cloning into '/workspace/builds/worker-7/source'...
[INFO] [stderr] done.
[INFO] validating manifest of git repo https://github.com/RicheyRyan/snake on toolchain cfbc6d4cf1acbac5c025acf8ed68929caa551df3
[INFO] running `Command { std: "/workspace/cargo-home/bin/cargo" "+cfbc6d4cf1acbac5c025acf8ed68929caa551df3" "read-manifest" "--manifest-path" "Cargo.toml", kill_on_drop: false }`
[INFO] started tweaking git repo https://github.com/RicheyRyan/snake
[INFO] finished tweaking git repo https://github.com/RicheyRyan/snake
[INFO] tweaked toml for git repo https://github.com/RicheyRyan/snake written to /workspace/builds/worker-7/source/Cargo.toml
[INFO] crate git repo https://github.com/RicheyRyan/snake already has a lockfile, it will not be regenerated
[INFO] running `Command { std: "/workspace/cargo-home/bin/cargo" "+cfbc6d4cf1acbac5c025acf8ed68929caa551df3" "fetch" "--locked" "--manifest-path" "Cargo.toml", kill_on_drop: false }`
[INFO] [stderr] error: the lock file /workspace/builds/worker-7/source/Cargo.lock needs to be updated but --locked was passed to prevent this
[INFO] [stderr] If you want to try to generate the lock file without accessing the network, use the --offline flag.
[INFO] the lockfile is outdated, regenerating it
[INFO] running `Command { std: "/workspace/cargo-home/bin/cargo" "+cfbc6d4cf1acbac5c025acf8ed68929caa551df3" "generate-lockfile" "--manifest-path" "Cargo.toml" "-Zno-index-update", kill_on_drop: false }`
[INFO] running `Command { std: "/workspace/cargo-home/bin/cargo" "+cfbc6d4cf1acbac5c025acf8ed68929caa551df3" "fetch" "--locked" "--manifest-path" "Cargo.toml", kill_on_drop: false }`
[INFO] running `Command { std: "docker" "create" "-v" "/var/lib/crater-agent-workspace/builds/worker-7/target:/opt/rustwide/target:rw,Z" "-v" "/var/lib/crater-agent-workspace/builds/worker-7/source:/opt/rustwide/workdir:ro,Z" "-v" "/var/lib/crater-agent-workspace/cargo-home:/opt/rustwide/cargo-home:ro,Z" "-v" "/var/lib/crater-agent-workspace/rustup-home:/opt/rustwide/rustup-home:ro,Z" "-e" "SOURCE_DIR=/opt/rustwide/workdir" "-e" "CARGO_TARGET_DIR=/opt/rustwide/target" "-e" "CARGO_HOME=/opt/rustwide/cargo-home" "-e" "RUSTUP_HOME=/opt/rustwide/rustup-home" "-w" "/opt/rustwide/workdir" "-m" "1610612736" "--user" "0:0" "--network" "none" "rustops/crates-build-env@sha256:a636fd89d022f18117e1dc8fb37a0a009933cdbbe082814857f0e2024962d47c" "/opt/rustwide/cargo-home/bin/cargo" "+cfbc6d4cf1acbac5c025acf8ed68929caa551df3" "metadata" "--no-deps" "--format-version=1", kill_on_drop: false }`
[INFO] [stdout] 4902770d9cda5550db30bc3e71a441c948b939219d3b120be8cc813b7345b249
[INFO] [stderr] WARNING: Your kernel does not support swap limit capabilities or the cgroup is not mounted. Memory limited without swap.
[INFO] running `Command { std: "docker" "start" "-a" "4902770d9cda5550db30bc3e71a441c948b939219d3b120be8cc813b7345b249", kill_on_drop: false }`
[INFO] running `Command { std: "docker" "inspect" "4902770d9cda5550db30bc3e71a441c948b939219d3b120be8cc813b7345b249", kill_on_drop: false }`
[INFO] running `Command { std: "docker" "rm" "-f" "4902770d9cda5550db30bc3e71a441c948b939219d3b120be8cc813b7345b249", kill_on_drop: false }`
[INFO] [stdout] 4902770d9cda5550db30bc3e71a441c948b939219d3b120be8cc813b7345b249
[INFO] running `Command { std: "docker" "create" "-v" "/var/lib/crater-agent-workspace/builds/worker-7/target:/opt/rustwide/target:rw,Z" "-v" "/var/lib/crater-agent-workspace/builds/worker-7/source:/opt/rustwide/workdir:ro,Z" "-v" "/var/lib/crater-agent-workspace/cargo-home:/opt/rustwide/cargo-home:ro,Z" "-v" "/var/lib/crater-agent-workspace/rustup-home:/opt/rustwide/rustup-home:ro,Z" "-e" "SOURCE_DIR=/opt/rustwide/workdir" "-e" "CARGO_TARGET_DIR=/opt/rustwide/target" "-e" "CARGO_INCREMENTAL=0" "-e" "RUST_BACKTRACE=full" "-e" "RUSTFLAGS=--cap-lints=forbid" "-e" "CARGO_HOME=/opt/rustwide/cargo-home" "-e" "RUSTUP_HOME=/opt/rustwide/rustup-home" "-w" "/opt/rustwide/workdir" "-m" "1610612736" "--user" "0:0" "--network" "none" "rustops/crates-build-env@sha256:a636fd89d022f18117e1dc8fb37a0a009933cdbbe082814857f0e2024962d47c" "/opt/rustwide/cargo-home/bin/cargo" "+cfbc6d4cf1acbac5c025acf8ed68929caa551df3" "check" "--frozen" "--all" "--all-targets" "--message-format=json", kill_on_drop: false }`
[INFO] [stdout] ea4a3292a6fc10674576676d4746b8052d96fbf5001975165175f1bb4b639934
[INFO] [stderr] WARNING: Your kernel does not support swap limit capabilities or the cgroup is not mounted. Memory limited without swap.
[INFO] running `Command { std: "docker" "start" "-a" "ea4a3292a6fc10674576676d4746b8052d96fbf5001975165175f1bb4b639934", kill_on_drop: false }`
[INFO] [stderr]    Compiling cc v1.0.59
[INFO] [stderr]    Compiling libc v0.2.76
[INFO] [stderr]    Compiling pkg-config v0.3.18
[INFO] [stderr]    Compiling ncurses v5.99.0
[INFO] [stderr]     Checking snake v0.1.0 (/opt/rustwide/workdir)
[INFO] [stdout] warning: unused import: `SIGINT`
[INFO] [stdout]  --> src/main.rs:5:13
[INFO] [stdout]   |
[INFO] [stdout] 5 | use libc::{ SIGINT };
[INFO] [stdout]   |             ^^^^^^
[INFO] [stdout]   |
[INFO] [stdout]   = note: `#[warn(unused_imports)]` on by default
[INFO] [stdout] 
[INFO] [stdout] 
[INFO] [stdout] error[E0308]: mismatched types
[INFO] [stdout]   --> src/main.rs:66:14
[INFO] [stdout]    |
[INFO] [stdout] 66 |     getmaxyx(stdscr, &mut max_y, &mut max_x);
[INFO] [stdout]    |              ^^^^^^ expected *-ptr, found fn item
[INFO] [stdout]    |
[INFO] [stdout]    = note: expected raw pointer `*mut i8`
[INFO] [stdout]                   found fn item `fn() -> *mut i8 {ncurses::stdscr}`
[INFO] [stdout] help: use parentheses to call this function
[INFO] [stdout]    |
[INFO] [stdout] 66 |     getmaxyx(stdscr(), &mut max_y, &mut max_x);
[INFO] [stdout]    |                    ^^
[INFO] [stdout] 
[INFO] [stdout] 
[INFO] [stdout] error[E0308]: mismatched types
[INFO] [stdout]   --> src/main.rs:73:12
[INFO] [stdout]    |
[INFO] [stdout] 73 |     keypad(stdscr,true);
[INFO] [stdout]    |            ^^^^^^ expected *-ptr, found fn item
[INFO] [stdout]    |
[INFO] [stdout]    = note: expected raw pointer `*mut i8`
[INFO] [stdout]                   found fn item `fn() -> *mut i8 {ncurses::stdscr}`
[INFO] [stdout] help: use parentheses to call this function
[INFO] [stdout]    |
[INFO] [stdout] 73 |     keypad(stdscr(),true);
[INFO] [stdout]    |                  ^^
[INFO] [stdout] 
[INFO] [stdout] 
[INFO] [stdout] error: aborting due to 2 previous errors; 1 warning emitted
[INFO] [stdout] 
[INFO] [stdout] 
[INFO] [stdout] For more information about this error, try `rustc --explain E0308`.
[INFO] [stdout] 
[INFO] [stdout] warning: unused import: `SIGINT`
[INFO] [stdout]  --> src/main.rs:5:13
[INFO] [stdout]   |
[INFO] [stdout] 5 | use libc::{ SIGINT };
[INFO] [stdout]   |             ^^^^^^
[INFO] [stdout]   |
[INFO] [stdout]   = note: `#[warn(unused_imports)]` on by default
[INFO] [stdout] 
[INFO] [stdout] 
[INFO] [stderr] error: could not compile `snake`.
[INFO] [stderr] 
[INFO] [stderr] To learn more, run the command again with --verbose.
[INFO] [stderr] warning: build failed, waiting for other jobs to finish...
[INFO] [stdout] error[E0308]: mismatched types
[INFO] [stdout]   --> src/main.rs:66:14
[INFO] [stdout]    |
[INFO] [stdout] 66 |     getmaxyx(stdscr, &mut max_y, &mut max_x);
[INFO] [stdout]    |              ^^^^^^ expected *-ptr, found fn item
[INFO] [stdout]    |
[INFO] [stdout]    = note: expected raw pointer `*mut i8`
[INFO] [stdout]                   found fn item `fn() -> *mut i8 {ncurses::stdscr}`
[INFO] [stdout] help: use parentheses to call this function
[INFO] [stdout]    |
[INFO] [stdout] 66 |     getmaxyx(stdscr(), &mut max_y, &mut max_x);
[INFO] [stdout]    |                    ^^
[INFO] [stdout] 
[INFO] [stdout] 
[INFO] [stdout] error[E0308]: mismatched types
[INFO] [stdout]   --> src/main.rs:73:12
[INFO] [stdout]    |
[INFO] [stdout] 73 |     keypad(stdscr,true);
[INFO] [stdout]    |            ^^^^^^ expected *-ptr, found fn item
[INFO] [stdout]    |
[INFO] [stdout]    = note: expected raw pointer `*mut i8`
[INFO] [stdout]                   found fn item `fn() -> *mut i8 {ncurses::stdscr}`
[INFO] [stdout] help: use parentheses to call this function
[INFO] [stdout]    |
[INFO] [stdout] 73 |     keypad(stdscr(),true);
[INFO] [stdout]    |                  ^^
[INFO] [stdout] 
[INFO] [stdout] 
[INFO] [stdout] error: aborting due to 2 previous errors; 1 warning emitted
[INFO] [stdout] 
[INFO] [stdout] 
[INFO] [stdout] For more information about this error, try `rustc --explain E0308`.
[INFO] [stdout] 
[INFO] [stderr] error: build failed
[INFO] running `Command { std: "docker" "inspect" "ea4a3292a6fc10674576676d4746b8052d96fbf5001975165175f1bb4b639934", kill_on_drop: false }`
[INFO] running `Command { std: "docker" "rm" "-f" "ea4a3292a6fc10674576676d4746b8052d96fbf5001975165175f1bb4b639934", kill_on_drop: false }`
[INFO] [stdout] ea4a3292a6fc10674576676d4746b8052d96fbf5001975165175f1bb4b639934
